 Calculate b(-7).
-11
Let u(s) = -s**2 + 125*s - 1352. Calculate u(111).
202
Let s(x) = -535*x**2 - 20859*x + 25. Give s(-39).
-209
Let f(j) = j**3 + 84*j**2 - 657*j - 554. Calculate f(-91).
1266
Let y(b) = -b**2 - 474*b - 54964. Calculate y(-278).
-476
Let z(d) = -d**3 + 96*d**2 + 736*d + 114. Calculate z(103).
1659
Let t(a) = a**3 + 54*a**2 + 330*a - 101. What is t(-8)?
203
Let t(f) = -f**3 - 294*f**2 - 1386*f + 17081. Calculate t(-289).
30
Let b(s) = 9*s**2 + 3913*s - 45049. Determine b(-446).
-3
Let p(s) = 7*s**3 + 13*s**2 - 3*s + 4. Calculate p(2).
106
Let s(l) = -l**3 - 36*l**2 - 7639*l - 184096. Give s(-25).
4
Let p(o) = -o**2 - 11775*o - 107. Calculate p(0).
-107
Let a(k) = 1312*k + 276743. Calculate a(-211).
-89
Let m(y) = y**3 - 17*y**2 - 4*y - 93. Calculate m(10).
-833
Let t(a) = -a**3 + 889*a**2 + 2702*a - 23194. Give t(892).
-2
Let w(r) = 1911*r**3 + 5*r**2 + 16*r + 12. Calculate w(-1).
-1910
Let t(u) = -4*u**3 - 169*u**2 - 1452*u + 26. Give t(-12).
26
Let m(n) = 3*n**3 - 153*n**2 - 121*n - 288. Calculate m(52).
1532
Let p(a) = -a**3 - 5*a**2 + 703*a - 9. Calculate p(0).
-9
Let l(x) = 2*x**2 - 350*x + 11948. Determine l(43).
596
Let u(z) = -190*z - 848. Give u(-8).
672
Let f(j) = -2*j**2 - 113*j + 926. What is f(-62)?
244
Let o(g) = -1761*g**3 + 3*g**2 + 125*g + 123. What is o(-1)?
1762
Let m(c) = -4*c**3 - 310*c**2 - 147*c + 99. Give m(-77).
-440
Let m(g) = -2526124*g + 5052181. Determine m(2).
-67
Let c(v) = 21*v**2 + 6514*v + 1314. Calculate c(-310).
74
Let d(t) = -4898*t + 48843. Calculate d(10).
-137
Let l(q) = -4*q**2 + 186*q - 1588. What is l(25)?
562
Let r(d) = -2*d**3 + 453*d**2 + 212*d + 3124. What is r(227)?
-281
Let m(k) = 4*k**3 - 2*k**2 + 17342*k - 6. What is m(0)?
-6
Let h(n) = -140746*n - 7037293. Determine h(-50).
7
Let l(h) = 6*h**2 + 154*h + 1071. Determine l(-15).
111
Let c(k) = -336*k**2 + 6841*k - 2422. Calculate c(20).
-2
Let d(c) = -30*c**2 + 486*c - 2032. Calculate d(4).
-568
Let n(f) = -4*f**3 - 210*f**2 + 540*f + 33474. Give n(-52).
-14
Let u(z) = z**2 - 944*z - 1021. What is u(0)?
-1021
Let f(z) = -z**2 + 555*z + 37578. What is f(-61)?
2
Let s(n) = -n**3 + 317*n**2 + 24377*n + 2668. Calculate s(381).
1
Let k(f) = -3*f**2 + 646*f - 34525. Calculate k(108).
251
Let a(p) = -8*p**2 - 234*p + 3. Calculate a(-29).
61
Let l(c) = 55077*c + 771016. What is l(-14)?
-62
Let f(l) = l**3 + 58*l**2 + 532*l + 204. Determine f(-47).
-501
Let b(x) = -x**2 - 1786*x - 347196. Give b(-222).
12
Let c(x) = 480*x - 193951. Give c(404).
-31
Let c(j) = -2*j**3 - 136*j**2 - 461*j - 21912. Determine c(-67).
-3
Let w(r) = 2*r**3 + 13*r**2 + 58*r + 1767. Give w(-11).
40
Let o(a) = a**2 + 31383*a - 785183. Give o(25).
17
Let q(j) = -j**2 + 237*j + 33173. Determine q(-99).
-91
Let m(s) = -2*s**2 + 49679*s + 397527. Calculate m(-8).
-33
Let x(o) = -3521*o - 27446. Give x(-8).
722
Let x(t) = 2*t**2 + 3866*t + 23156. Determine x(-6).
32
Let c(g) = -8*g**3 - 7*g**2 + 22*g + 4. Calculate c(3).
-209
Let b(o) = -15*o**2 + 34*o - 216. What is b(8)?
-904
Let g(a) = -2*a**3 + 90*a**2 - 23*a - 6412. Give g(43).
-5
Let b(i) = -182*i + 2338. Determine b(16).
-574
Let r(u) = -397148*u - 1985732. Calculate r(-5).
8
Let l(a) = 210*a - 14309. Calculate l(70).
391
Let o(d) = -4*d**2 + 51861*d + 518783. Determine o(-10).
-227
Let q(k) = -k**3 + 24*k**2 + 215*k - 4762. Determine q(25).
-12
Let u(n) = -n**2 + 183*n - 2614. What is u(16)?
58
Let m(u) = 2563*u + 305035. Give m(-119).
38
Let o(l) = 75116*l + 95. Calculate o(0).
95
Let q(x) = -11784*x - 176804. Calculate q(-15).
-44
Let z(o) = -291*o**3 - 878*o**2 - 21*o - 12. Determine z(-3).
6
Let r(t) = t**3 - 30*t**2 - 168*t - 1854. Calculate r(36).
-126
Let o(s) = s**2 + 38962*s - 935691. Determine o(24).
-27
Let h(f) = f**3 - 32*f**2 + 228*f + 193. Determine h(15).
-212
Let i(a) = -36*a**2 - 112*a + 23. Determine i(-3).
35
Let i(q) = 12*q**3 - 132*q**2 - 130*q + 4. Calculate i(-1).
-10
Let s(b) = -5*b**3 - 359*b**2 + 808*b - 447. What is s(-74)?
-3
Let f(c) = 3583*c - 24562. Give f(8).
4102
Let t(o) = 34*o**2 + 792*o + 1217. Calculate t(-22).
249
Let x(y) = -2110*y + 1337751. Determine x(634).
11
Let n(j) = 4*j**2 + 94*j - 3105849. What is n(-893)?
5
Let w(b) = -43*b**2 + 1245*b + 28. Give w(29).
-30
Let q(v) = 141*v**2 + 2314*v - 2313. Give q(1).
142
Let i(y) = -988*y**2 - 49*y + 94. What is i(0)?
94
Let m(h) = -377*h**2 + 11*h + 58. Calculate m(-2).
-1472
Let h(l) = -l**2 + 23844*l + 740128. Give h(-31).
3
Let x(o) = 6*o**2 - 1171*o + 247. What is x(195)?
52
Let a(m) = -4*m**3 - 2*m**2 + 1345*m + 5379. Determine a(-4).
223
Let w(m) = -4*m**2 - 31*m - 127. Calculate w(-13).
-400
Let b(v) = v**2 - 1353*v - 14929. Calculate b(-11).
75
Let d(t) = 2*t**3 - 257*t**2 - 5264*t + 191. Calculate d(-18).
11
Let c(k) = k**2 - 119*k + 1367. What is c(14)?
-103
Let b(z) = -102*z - 1465. Give b(-19).
473
Let s(h) = 17*h**3 + 144*h**2 + 53*h + 120. Calculate s(-9).
-1086
Let g(m) = -2*m**3 + m**2 + 153*m - 766. Determine g(5).
-226
Let o(c) = 2*c**2 + 69197*c - 69198. Determine o(1).
1
Let p(s) = 149449*s + 1345026. Determine p(-9).
-15
Let t(y) = 78844*y + 1103809. Give t(-14).
-7
Let l(y) = y**3 + 30*y**2 + 1139*y + 26824. Calculate l(-26).
-86
Let o(c) = c**2 + 175*c + 339. Give o(-139).
-4665
Let z(w) = -w**2 - 1315*w + 492161. Determine z(304).
-15
Let u(k) = -6*k**2 - 10115*k - 1064913. Determine u(-1573).
8
Let w(h) = -45*h**2 + 22*h - 11. What is w(0)?
-11
Let p(u) = 6*u**3 - 916*u**2 + 5012*u - 2061. Calculate p(147).
-3
Let f(q) = -12208*q + 73172. What is f(6)?
-76
Let p(w) = w**3 + 156*w**2 - 19*w - 2955. Give p(-156).
9
Let v(z) = -493744*z - 493743. Determine v(-1).
1
Let d(l) = -146*l - 7380. Determine d(-51).
66
Let l(x) = -1648*x + 1819387. Give l(1104).
-5
Let s(g) = -g**2 - 1075*g + 10982. Calculate s(10).
132
Let i(z) = 187*z - 3293. Determine i(13).
-862
Let j(d) = 2*d**3 - 31*d**2 + 795*d - 13063. Calculate j(16).
-87
Let u(v) = 35159*v - 316427. What is u(9)?
4
Let b(c) = -94174*c - 564883. What is b(-6)?
161
Let b(l) = -1983*l + 19861. Calculate b(10).
31
Let f(b) = -29*b**2 - 420*b - 167. Determine f(-6).
1309
Let k(b) = 62*b + 1740. Calculate k(-26).
128
Let w(z) = -z**3 - 22*z**2 + 99*z + 2104. What is w(-22)?
-74
Let o(q) = 4*q**2 + 216*q - 1459. Calculate o(-60).
-19
Let j(i) = -5*i**2 - 512*i + 2684. Calculate j(5).
-1
Let l(d) = -365*d**3 + 7*d**2 - 14*d + 13. Determine l(1).
-359
Let b(m) = 12*m**3 - 15*m**2 - 28*m + 114. Calculate b(-3).
-261
Let t(p) = p**3 - 67*p**2 + 444*p - 40338. Give t(69).
-180
Let r(c) = 830*c + 247217. Determine r(-298).
-123
Let j(v) = -1376*v + 1151651. Give j(837).
-61
Let n(j) = -48*j**2 - 6876*j - 1771. What is n(-143)?
-55
Let s(g) = -3*g**3 - 204*g**2 + 689*g + 3657. Give s(-71).
107
Let s(h) = -3*h**2 - 20*h + 219. Give s(-13).
-28
Let h(z) = z**3 + 2*z**2 - 8320*z + 72. Determine h(0).
72
Let b(g) = -g**3 - 65*g**2 + 733*g - 1124. Give b(7).
479
Let b(n) = -95*n**3 - 371*n**2 + 232*n + 137. What is b(1)?
-97
Let h(u) = -6*u**2 + 25*u - 19. Give h(5).
-44
Let m(d) = -1219*d + 1207. Determine m(1).
-12
Let u(i) = -438*i - 101116. Give u(-231).
62
Let j(u) = -2*u**3 - 355*u**2 + 207*u + 5172. Calculate j(-178).
10
Let c(y) = 4*y**3 + 67*y**2 + 255*y - 20. Calculate c(-6).
-2
Let x(g) = g**3 + 807*g**2 - 52002*g - 1076. Give x(60).
4
Let c(w) = 18597*w + 92546. What is c(-5)?
-439
Let n(f) = 4*f**3 + 7*f**2 - 58*f - 94. Give n(-5).
-129
Let o(h) = 12*h**3 + 349*h**2 - 238*h - 7759. What is o(-29)?
-16
Let u(q) = 4*q**3 - 49*q**2 + 29*q + 56. What is u(11)?
-230
Let z(s) = s**2 + 62*s - 1052. Determine z(-64).
-924
Let p(c) = 2*c**2 - 176*c + 304. Determine p(86).
-40
Let j(l) = -l**2 - 344*l - 13518. Calculate j(-45).
-63
Let m(c) = -c**2 - 6273*c - 156204. Calculate m(-25).
-4
Let f(o) = -2*o**3 - 59*o**2 - 179*o + 156. Calculate f(-22).
-3166
Let u(t) = 58*t + 13694. Give u(-235).
64
Let h(u) = -u**3 - 143*u**2 + 2574*u + 331059. What is h(-145)?
-121
Let b(q) = q**2 - 171*q + 7203. Determine b(100).
103
Let y(u) = -117*u**3 + 830*u**2 - 57*u - 32. Give y(7).
108
Let c(z) = -38802*z - 193959. Calculate c(-5).
51
Let l(b) = -24*b**2 + 469*b - 1326. Determine l(16).
34
Let k(z) = z**3 - 10*z**2 + 2746*z - 21870. Give k(8).
-30
Let g(m) = -16364*m -